{"id":35,"date":"2021-06-20T04:02:45","date_gmt":"2021-06-20T02:02:45","guid":{"rendered":"http:\/\/laetitialaguzet.net\/?page_id=35"},"modified":"2025-12-10T23:55:18","modified_gmt":"2025-12-10T22:55:18","slug":"musique","status":"publish","type":"page","link":"https:\/\/www.laetitialaguzet.net\/?page_id=35","title":{"rendered":"MUSIQUE"},"content":{"rendered":"<div class=\"wp-block-image\">\n<figure class=\"aligncenter size-large\"><img loading=\"lazy\" decoding=\"async\" width=\"1024\" height=\"683\" src=\"https:\/\/www.laetitialaguzet.net\/wp-content\/uploads\/GROUPE-1024x683.jpg\" alt=\"\" class=\"wp-image-247\" srcset=\"https:\/\/www.laetitialaguzet.net\/wp-content\/uploads\/GROUPE-1024x683.jpg 1024w, https:\/\/www.laetitialaguzet.net\/wp-content\/uploads\/GROUPE-300x200.jpg 300w, https:\/\/www.laetitialaguzet.net\/wp-content\/uploads\/GROUPE-768x512.jpg 768w, https:\/\/www.laetitialaguzet.net\/wp-content\/uploads\/GROUPE-1536x1024.jpg 1536w, https:\/\/www.laetitialaguzet.net\/wp-content\/uploads\/GROUPE-2048x1366.jpg 2048w\" sizes=\"auto, (max-width: 1024px) 100vw, 1024px\" \/><\/figure>\n<\/div>\n\n\n<p class=\"has-text-align-left\">GROUPE est un projet conceptuel&nbsp;initi\u00e9 par Laetitia Laguzet : avant tout musical, il investit le visuel et le performatif. Il propose de relier divers m\u00e9diums artistiques pour servir une recherche po\u00e9tique.<\/p>\n\n\n\n<p>Le choix du nom, Groupe, d\u00e9finit clairement les motivations premi\u00e8res de ses membres&nbsp;: servir un contenu critique par le prot\u00e9iforme. GROUPE d\u00e9place la dimension biographique \u00e0 laquelle l\u2019artiste se soumet bon gr\u00e9 mal gr\u00e9, pour se d\u00e9finir exclusivement sur la mati\u00e8re qu\u2019il travaille.<\/p>\n\n\n\n<figure class=\"wp-block-embed is-type-video is-provider-youtube wp-block-embed-youtube wp-embed-aspect-16-9 wp-has-aspect-ratio\"><div class=\"wp-block-embed__wrapper\">\n<iframe loading=\"lazy\" title=\"ERRATUM \/\/ GROUPE\" width=\"920\" height=\"518\" src=\"https:\/\/www.youtube.com\/embed\/70TmXbndAuA?feature=oembed\" frameborder=\"0\" allow=\"accelerometer; autoplay; clipboard-write; encrypted-media; gyroscope; picture-in-picture; web-share\" referrerpolicy=\"strict-origin-when-cross-origin\" allowfullscreen><\/iframe>\n<\/div><figcaption class=\"wp-element-caption\">ERRATUM (1\/3)<\/figcaption><\/figure>\n\n\n\n<figure class=\"wp-block-image size-large\"><img loading=\"lazy\" decoding=\"async\" width=\"1024\" height=\"231\" src=\"https:\/\/www.laetitialaguzet.net\/wp-content\/uploads\/LE-NU-VITE-2-72-1024x231.jpg\" alt=\"\" class=\"wp-image-654\" srcset=\"https:\/\/www.laetitialaguzet.net\/wp-content\/uploads\/LE-NU-VITE-2-72-1024x231.jpg 1024w, https:\/\/www.laetitialaguzet.net\/wp-content\/uploads\/LE-NU-VITE-2-72-300x68.jpg 300w, https:\/\/www.laetitialaguzet.net\/wp-content\/uploads\/LE-NU-VITE-2-72-768x174.jpg 768w, https:\/\/www.laetitialaguzet.net\/wp-content\/uploads\/LE-NU-VITE-2-72-1536x347.jpg 1536w, https:\/\/www.laetitialaguzet.net\/wp-content\/uploads\/LE-NU-VITE-2-72-2048x463.jpg 2048w\" sizes=\"auto, (max-width: 1024px) 100vw, 1024px\" \/><\/figure>\n\n\n\n<figure class=\"wp-block-image size-large\"><img loading=\"lazy\" decoding=\"async\" width=\"1024\" height=\"162\" src=\"https:\/\/www.laetitialaguzet.net\/wp-content\/uploads\/pano-3-1024x162.jpg\" alt=\"\" class=\"wp-image-653\" srcset=\"https:\/\/www.laetitialaguzet.net\/wp-content\/uploads\/pano-3-1024x162.jpg 1024w, https:\/\/www.laetitialaguzet.net\/wp-content\/uploads\/pano-3-300x47.jpg 300w, https:\/\/www.laetitialaguzet.net\/wp-content\/uploads\/pano-3-768x121.jpg 768w, https:\/\/www.laetitialaguzet.net\/wp-content\/uploads\/pano-3-1536x243.jpg 1536w, https:\/\/www.laetitialaguzet.net\/wp-content\/uploads\/pano-3-2048x324.jpg 2048w\" sizes=\"auto, (max-width: 1024px) 100vw, 1024px\" \/><\/figure>\n\n\n\n<p>Placer GROUPE sous la tutelle d\u2019une personnalit\u00e9, d\u2019un visage ou d\u2019un nom, reviendrait \u00e0 le d\u00e9finir par des signes qui lui sont impropres. De fait, GROUPE reste ind\u00e9fini en genre et en nombre.<\/p>\n\n\n\n<figure class=\"wp-block-embed is-type-video is-provider-youtube wp-block-embed-youtube wp-embed-aspect-16-9 wp-has-aspect-ratio\"><div class=\"wp-block-embed__wrapper\">\n<iframe loading=\"lazy\" title=\"GROUPE \/\/ M\u00c9DUSES\" width=\"920\" height=\"518\" src=\"https:\/\/www.youtube.com\/embed\/osYLFeaCKa0?feature=oembed\" frameborder=\"0\" allow=\"accelerometer; autoplay; clipboard-write; encrypted-media; gyroscope; picture-in-picture; web-share\" referrerpolicy=\"strict-origin-when-cross-origin\" allowfullscreen><\/iframe>\n<\/div><figcaption class=\"wp-element-caption\">M\u00c9DUSES (2\/3)<\/figcaption><\/figure>\n\n\n\n<figure class=\"wp-block-embed is-type-video is-provider-youtube wp-block-embed-youtube wp-embed-aspect-16-9 wp-has-aspect-ratio\"><div class=\"wp-block-embed__wrapper\">\n<iframe loading=\"lazy\" title=\"GROUPE \/\/ MUTATIS MUTANDIS\" width=\"920\" height=\"518\" src=\"https:\/\/www.youtube.com\/embed\/0u_ROVQQ9sQ?feature=oembed\" frameborder=\"0\" allow=\"accelerometer; autoplay; clipboard-write; encrypted-media; gyroscope; picture-in-picture; web-share\" referrerpolicy=\"strict-origin-when-cross-origin\" allowfullscreen><\/iframe>\n<\/div><figcaption class=\"wp-element-caption\">MUTATIS MUTANDIS (3\/3)<\/figcaption><\/figure>\n\n\n\n<p>GROUPE peut donc \u00eatre un collectif, une fabrique, une usine, un parti, un ensemble, un concile, une assembl\u00e9e, un jury, un public. OU rien de tout cela.<\/p>\n\n\n\n<figure class=\"wp-block-embed is-type-video is-provider-youtube wp-block-embed-youtube wp-embed-aspect-16-9 wp-has-aspect-ratio\"><div class=\"wp-block-embed__wrapper\">\n<iframe loading=\"lazy\" title=\"GROUPE \/\/ BIG FASTE (ECCE OCULUS)\" width=\"920\" height=\"518\" src=\"https:\/\/www.youtube.com\/embed\/fUj2Wc8AMLk?feature=oembed\" frameborder=\"0\" allow=\"accelerometer; autoplay; clipboard-write; encrypted-media; gyroscope; picture-in-picture; web-share\" referrerpolicy=\"strict-origin-when-cross-origin\" allowfullscreen><\/iframe>\n<\/div><figcaption class=\"wp-element-caption\">BIG FAST &#8211; ECCE HOMO<\/figcaption><\/figure>\n\n\n\n<h2 class=\"wp-block-heading\">CHANTS (PAROLES &#8211; LYRICS)<\/h2>\n\n\n<div class=\"wp-block-image\">\n<figure class=\"aligncenter size-large\"><img loading=\"lazy\" decoding=\"async\" width=\"1024\" height=\"727\" src=\"https:\/\/www.laetitialaguzet.net\/wp-content\/uploads\/cover_mon-livre-xenjisanharu_NB_1-1024x727.jpg\" alt=\"\" class=\"wp-image-556\" srcset=\"https:\/\/www.laetitialaguzet.net\/wp-content\/uploads\/cover_mon-livre-xenjisanharu_NB_1-1024x727.jpg 1024w, https:\/\/www.laetitialaguzet.net\/wp-content\/uploads\/cover_mon-livre-xenjisanharu_NB_1-300x213.jpg 300w, https:\/\/www.laetitialaguzet.net\/wp-content\/uploads\/cover_mon-livre-xenjisanharu_NB_1-768x545.jpg 768w, https:\/\/www.laetitialaguzet.net\/wp-content\/uploads\/cover_mon-livre-xenjisanharu_NB_1-1536x1090.jpg 1536w, https:\/\/www.laetitialaguzet.net\/wp-content\/uploads\/cover_mon-livre-xenjisanharu_NB_1-2048x1453.jpg 2048w\" sizes=\"auto, (max-width: 1024px) 100vw, 1024px\" \/><\/figure>\n<\/div>\n\n\n<h2 class=\"wp-block-heading\">INSTRUMENTAUX<\/h2>\n\n\n\n<blockquote class=\"wp-block-quote is-layout-flow wp-block-quote-is-layout-flow\">\n<p><\/p>\n<cite>NOUVEL ALBUM  &#8211; INSTRUMENTAL<\/cite><\/blockquote>\n\n\n\n<figure class=\"wp-block-embed is-type-rich is-provider-soundcloud wp-block-embed-soundcloud wp-embed-aspect-4-3 wp-has-aspect-ratio\"><div class=\"wp-block-embed__wrapper\">\n<iframe loading=\"lazy\" title=\"INSTRUMENTAUX by GROUPE\" width=\"920\" height=\"450\" scrolling=\"no\" frameborder=\"no\" src=\"https:\/\/w.soundcloud.com\/player\/?visual=true&#038;url=https%3A%2F%2Fapi.soundcloud.com%2Fplaylists%2F1544866786&#038;show_artwork=true&#038;maxheight=1000&#038;maxwidth=920\"><\/iframe>\n<\/div><\/figure>\n\n\n\n<figure class=\"wp-block-image size-large\"><img loading=\"lazy\" decoding=\"async\" width=\"1024\" height=\"1024\" src=\"https:\/\/www.laetitialaguzet.net\/wp-content\/uploads\/IMG_7660-R-CARRE-LOW-1024x1024.jpg\" alt=\"\" class=\"wp-image-475\" srcset=\"https:\/\/www.laetitialaguzet.net\/wp-content\/uploads\/IMG_7660-R-CARRE-LOW-1024x1024.jpg 1024w, https:\/\/www.laetitialaguzet.net\/wp-content\/uploads\/IMG_7660-R-CARRE-LOW-300x300.jpg 300w, https:\/\/www.laetitialaguzet.net\/wp-content\/uploads\/IMG_7660-R-CARRE-LOW-150x150.jpg 150w, https:\/\/www.laetitialaguzet.net\/wp-content\/uploads\/IMG_7660-R-CARRE-LOW-768x768.jpg 768w, https:\/\/www.laetitialaguzet.net\/wp-content\/uploads\/IMG_7660-R-CARRE-LOW-1536x1536.jpg 1536w, https:\/\/www.laetitialaguzet.net\/wp-content\/uploads\/IMG_7660-R-CARRE-LOW-640x640.jpg 640w, https:\/\/www.laetitialaguzet.net\/wp-content\/uploads\/IMG_7660-R-CARRE-LOW-50x50.jpg 50w, https:\/\/www.laetitialaguzet.net\/wp-content\/uploads\/IMG_7660-R-CARRE-LOW.jpg 1772w\" sizes=\"auto, (max-width: 1024px) 100vw, 1024px\" \/><figcaption class=\"wp-element-caption\">INSTRUMENTAUX<\/figcaption><\/figure>\n\n\n\n<h2 class=\"wp-block-heading\">L&rsquo;OP\u00c9RATION<\/h2>\n\n\n<div class=\"wp-block-image\">\n<figure class=\"aligncenter size-large\"><img loading=\"lazy\" decoding=\"async\" width=\"1024\" height=\"1011\" src=\"https:\/\/www.laetitialaguzet.net\/wp-content\/uploads\/loperation-couv-1024x1011.jpg\" alt=\"\" class=\"wp-image-479\" srcset=\"https:\/\/www.laetitialaguzet.net\/wp-content\/uploads\/loperation-couv-1024x1011.jpg 1024w, https:\/\/www.laetitialaguzet.net\/wp-content\/uploads\/loperation-couv-300x296.jpg 300w, https:\/\/www.laetitialaguzet.net\/wp-content\/uploads\/loperation-couv-768x758.jpg 768w, https:\/\/www.laetitialaguzet.net\/wp-content\/uploads\/loperation-couv-1536x1516.jpg 1536w, https:\/\/www.laetitialaguzet.net\/wp-content\/uploads\/loperation-couv-2048x2022.jpg 2048w, https:\/\/www.laetitialaguzet.net\/wp-content\/uploads\/loperation-couv-50x50.jpg 50w\" sizes=\"auto, (max-width: 1024px) 100vw, 1024px\" \/><figcaption class=\"wp-element-caption\">(c) Vincent Corpet<\/figcaption><\/figure>\n<\/div>\n\n\n<figure class=\"wp-block-embed is-type-rich is-provider-soundcloud wp-block-embed-soundcloud wp-embed-aspect-4-3 wp-has-aspect-ratio\"><div class=\"wp-block-embed__wrapper\">\n<iframe loading=\"lazy\" title=\"L&#039;OP\u00c9RATION by GROUPE\" width=\"920\" height=\"450\" scrolling=\"no\" frameborder=\"no\" src=\"https:\/\/w.soundcloud.com\/player\/?visual=true&#038;url=https%3A%2F%2Fapi.soundcloud.com%2Fplaylists%2F1564243273&#038;show_artwork=true&#038;maxheight=1000&#038;maxwidth=920\"><\/iframe>\n<\/div><\/figure>\n\n\n\n<p><a href=\"https:\/\/groupe.bandcamp.com\/album\/loperation\">https:\/\/groupe.bandcamp.com\/album\/loperation<\/a><\/p>\n\n\n<div class=\"wp-block-image\">\n<figure class=\"aligncenter size-large is-resized\"><img loading=\"lazy\" decoding=\"async\" width=\"1024\" height=\"456\" src=\"https:\/\/www.laetitialaguzet.net\/wp-content\/uploads\/IMG_8912-2-B-1024x456.jpg\" alt=\"\" class=\"wp-image-224\" style=\"width:1179px;height:525px\" srcset=\"https:\/\/www.laetitialaguzet.net\/wp-content\/uploads\/IMG_8912-2-B-1024x456.jpg 1024w, https:\/\/www.laetitialaguzet.net\/wp-content\/uploads\/IMG_8912-2-B-300x134.jpg 300w, https:\/\/www.laetitialaguzet.net\/wp-content\/uploads\/IMG_8912-2-B-768x342.jpg 768w, https:\/\/www.laetitialaguzet.net\/wp-content\/uploads\/IMG_8912-2-B-1536x684.jpg 1536w, https:\/\/www.laetitialaguzet.net\/wp-content\/uploads\/IMG_8912-2-B-2048x912.jpg 2048w\" sizes=\"auto, (max-width: 1024px) 100vw, 1024px\" \/><figcaption class=\"wp-element-caption\">PROCHAIN CLIP: ENTRE ICI<\/figcaption><\/figure>\n<\/div>\n\n\n<div data-wp-interactive=\"core\/file\" class=\"wp-block-file aligncenter\"><object data-wp-bind--hidden=\"!state.hasPdfPreview\" hidden class=\"wp-block-file__embed\" data=\"https:\/\/www.laetitialaguzet.net\/wp-content\/uploads\/GROUPE.pdf\" type=\"application\/pdf\" style=\"width:100%;height:600px\" aria-label=\"Contenu embarqu\u00e9 PRESS KIT GROUPE.\"><\/object><a id=\"wp-block-file--media-162eb0bc-e0c9-4995-a56b-11a9d13c060d\" href=\"https:\/\/www.laetitialaguzet.net\/wp-content\/uploads\/GROUPE.pdf\">PRESS KIT GROUPE<\/a><a href=\"https:\/\/www.laetitialaguzet.net\/wp-content\/uploads\/GROUPE.pdf\" class=\"wp-block-file__button wp-element-button\" download aria-describedby=\"wp-block-file--media-162eb0bc-e0c9-4995-a56b-11a9d13c060d\">T\u00e9l\u00e9charger<\/a><\/div>\n","protected":false},"excerpt":{"rendered":"<p>GROUPE est un projet conceptuel&nbsp;initi\u00e9 par Laetitia Laguzet : avant tout musical, il investit le visuel et le performatif. Il propose de relier divers m\u00e9diums artistiques pour servir une recherche<\/p>\n<p class=\"more-link\"><a href=\"https:\/\/www.laetitialaguzet.net\/?page_id=35\" class=\"readmore\">Continue reading&#8230;<span class=\"screen-reader-text\">MUSIQUE<\/span><\/a><\/p>\n","protected":false},"author":1,"featured_media":0,"parent":0,"menu_order":0,"comment_status":"closed","ping_status":"closed","template":"","meta":{"footnotes":""},"class_list":["post-35","page","type-page","status-publish","hentry"],"_links":{"self":[{"href":"https:\/\/www.laetitialaguzet.net\/index.php?rest_route=\/wp\/v2\/pages\/35","targetHints":{"allow":["GET"]}}],"collection":[{"href":"https:\/\/www.laetitialaguzet.net\/index.php?rest_route=\/wp\/v2\/pages"}],"about":[{"href":"https:\/\/www.laetitialaguzet.net\/index.php?rest_route=\/wp\/v2\/types\/page"}],"author":[{"embeddable":true,"href":"https:\/\/www.laetitialaguzet.net\/index.php?rest_route=\/wp\/v2\/users\/1"}],"replies":[{"embeddable":true,"href":"https:\/\/www.laetitialaguzet.net\/index.php?rest_route=%2Fwp%2Fv2%2Fcomments&post=35"}],"version-history":[{"count":32,"href":"https:\/\/www.laetitialaguzet.net\/index.php?rest_route=\/wp\/v2\/pages\/35\/revisions"}],"predecessor-version":[{"id":655,"href":"https:\/\/www.laetitialaguzet.net\/index.php?rest_route=\/wp\/v2\/pages\/35\/revisions\/655"}],"wp:attachment":[{"href":"https:\/\/www.laetitialaguzet.net\/index.php?rest_route=%2Fwp%2Fv2%2Fmedia&parent=35"}],"curies":[{"name":"wp","href":"https:\/\/api.w.org\/{rel}","templated":true}]}}