{"id":501,"date":"2023-07-26T06:40:13","date_gmt":"2023-07-26T04:40:13","guid":{"rendered":"http:\/\/www.laetitialaguzet.net\/?page_id=501"},"modified":"2026-01-24T15:08:00","modified_gmt":"2026-01-24T14:08:00","slug":"palac-fenix","status":"publish","type":"page","link":"https:\/\/www.laetitialaguzet.net\/?page_id=501","title":{"rendered":"PALAC FENIX"},"content":{"rendered":"\n<blockquote class=\"wp-block-quote is-layout-flow wp-block-quote-is-layout-flow\">\n<p>P\u00e1lac F\u00e9nix est un court-m\u00e9trage r\u00e9alis\u00e9 autour de la maladie. Une voix verbalise ses pens\u00e9es sur le cancer qui touche une proche.<\/p>\n\n\n\n<p>Techniquement, le film combine une suite de photographies \u00e0 des rafales de type pixilation. Les images ont \u00e9t\u00e9 prises entre Prague, Venise et Paris entre 2016 et 2017. Elles montrent des vitrines de magasins, des mannequins en plastique, des objets. Les visages inanim\u00e9s se superposent aux mots. Ainsi, cette voix f\u00e9minine, grave interroge le son, l\u2019image alors que la m\u00e9moire s\u2019active pour visualiser la malade.<br>Les visages et les corps des mannequins sont autant de tentatives de trouver la vie dans l\u2019image. Ils rappellent le spectateur \u00e0 une certaine id\u00e9e de la f\u00e9minit\u00e9, \u00e0 une certaine id\u00e9e du corps, \u00e0 sa repr\u00e9sentation, sa tenue. D\u2019une ville \u00e0 l\u2019autre, les figures s\u2019obstinent \u00e0 se ressembler de telle sorte qu\u2019on ne sait pas o\u00f9 se situer et que l\u2019on ne trouve que peu d\u2019indicateurs g\u00e9ographiques. La ville contient cette part d\u2019image suffisante, fig\u00e9e et reconnaissable de tous.<br>Le choix d\u2019une certaine brutalit\u00e9 dans les rafales prises \u00e0 main lev\u00e9e, le choix du montage qui tant\u00f4t suit les souffles de la voix, tant\u00f4t coupe pour mettre en \u00e9vidence la fixit\u00e9 des images et de leurs sujets, tient sur la volont\u00e9 de retranscrire le flottement mental, l\u2019instabilit\u00e9 physique durant la douleur, que celle-ci soit morale et\/ou physique. Avec ses saccades, la pixilation rend compte du mouvement du corps et des souvenirs qu\u2019il se cr\u00e9e \u00e0 l\u2019instant.<br>L\u2019enregistrement de la voix off est fid\u00e8le et brut. Il n\u2019a fait l\u2019objet d\u2019aucun traitement, par volont\u00e9 de conserver les sons ext\u00e9rieurs, buccaux et rappeler ainsi cette voix \u00e0 un autre espace, un espace invisible mais audible, qui n\u2019est pas celui de l\u2019image. Elle seule peut donc sugg\u00e9rer la vie. Elle est toutefois r\u00e9duite \u00e0 la solitude, \u00e0 la dimension \u00e9pistolaire, \u00e0 la pens\u00e9e.<\/p>\n<\/blockquote>\n\n\n\n<figure class=\"wp-block-embed is-type-video is-provider-youtube wp-block-embed-youtube wp-embed-aspect-16-9 wp-has-aspect-ratio\"><div class=\"wp-block-embed__wrapper\">\n<iframe loading=\"lazy\" title=\"PALAC FENIX\" width=\"920\" height=\"518\" src=\"https:\/\/www.youtube.com\/embed\/D2Ytdxmr08M?feature=oembed\" frameborder=\"0\" allow=\"accelerometer; autoplay; clipboard-write; encrypted-media; gyroscope; picture-in-picture; web-share\" referrerpolicy=\"strict-origin-when-cross-origin\" allowfullscreen><\/iframe>\n<\/div><\/figure>\n\n\n<div class=\"wp-block-image\">\n<figure class=\"alignleft size-large is-resized\"><img loading=\"lazy\" decoding=\"async\" width=\"1024\" height=\"503\" src=\"https:\/\/www.laetitialaguzet.net\/wp-content\/uploads\/Visuel-selection-officielle-Cine-Poeme-1024x503.jpg\" alt=\"\" class=\"wp-image-666\" style=\"aspect-ratio:2.0358392403501466;width:236px;height:auto\" srcset=\"https:\/\/www.laetitialaguzet.net\/wp-content\/uploads\/Visuel-selection-officielle-Cine-Poeme-1024x503.jpg 1024w, https:\/\/www.laetitialaguzet.net\/wp-content\/uploads\/Visuel-selection-officielle-Cine-Poeme-300x147.jpg 300w, https:\/\/www.laetitialaguzet.net\/wp-content\/uploads\/Visuel-selection-officielle-Cine-Poeme-768x377.jpg 768w, https:\/\/www.laetitialaguzet.net\/wp-content\/uploads\/Visuel-selection-officielle-Cine-Poeme-1536x754.jpg 1536w, https:\/\/www.laetitialaguzet.net\/wp-content\/uploads\/Visuel-selection-officielle-Cine-Poeme-2048x1006.jpg 2048w\" sizes=\"auto, (max-width: 1024px) 100vw, 1024px\" \/><\/figure>\n<\/div>","protected":false},"excerpt":{"rendered":"<p>P\u00e1lac F\u00e9nix est un court-m\u00e9trage r\u00e9alis\u00e9 autour de la maladie. Une voix verbalise ses pens\u00e9es sur le cancer qui touche une proche. Techniquement, le film combine une suite de photographies<\/p>\n<p class=\"more-link\"><a href=\"https:\/\/www.laetitialaguzet.net\/?page_id=501\" class=\"readmore\">Continue reading&#8230;<span class=\"screen-reader-text\">PALAC FENIX<\/span><\/a><\/p>\n","protected":false},"author":1,"featured_media":0,"parent":0,"menu_order":0,"comment_status":"closed","ping_status":"closed","template":"","meta":{"footnotes":""},"class_list":["post-501","page","type-page","status-publish","hentry"],"_links":{"self":[{"href":"https:\/\/www.laetitialaguzet.net\/index.php?rest_route=\/wp\/v2\/pages\/501","targetHints":{"allow":["GET"]}}],"collection":[{"href":"https:\/\/www.laetitialaguzet.net\/index.php?rest_route=\/wp\/v2\/pages"}],"about":[{"href":"https:\/\/www.laetitialaguzet.net\/index.php?rest_route=\/wp\/v2\/types\/page"}],"author":[{"embeddable":true,"href":"https:\/\/www.laetitialaguzet.net\/index.php?rest_route=\/wp\/v2\/users\/1"}],"replies":[{"embeddable":true,"href":"https:\/\/www.laetitialaguzet.net\/index.php?rest_route=%2Fwp%2Fv2%2Fcomments&post=501"}],"version-history":[{"count":3,"href":"https:\/\/www.laetitialaguzet.net\/index.php?rest_route=\/wp\/v2\/pages\/501\/revisions"}],"predecessor-version":[{"id":668,"href":"https:\/\/www.laetitialaguzet.net\/index.php?rest_route=\/wp\/v2\/pages\/501\/revisions\/668"}],"wp:attachment":[{"href":"https:\/\/www.laetitialaguzet.net\/index.php?rest_route=%2Fwp%2Fv2%2Fmedia&parent=501"}],"curies":[{"name":"wp","href":"https:\/\/api.w.org\/{rel}","templated":true}]}}